Suppose -4*z + s - 6*s + 8473 = 0, -3 = -3*s. What is the units digit of z?
7
Let a be 654/1 - (1 - 0). Suppose -b = -5*j - 1643, 2292 - a = -5*j + 3*b. Let t = -228 - j. What is the units digit of t?
1
Let m(f) be the second derivative of 16*f**3/3 - 9*f. Let z be m(-10). Let j = -229 - z. What is the units digit of j?
1
Let t = 6908 + 2343. What is the units digit of t?
1
Let l be ((-168)/(-32))/((-6)/(-16)). Suppose 0*c + 5*x = 5*c - 10, 0 = 5*c + x + l. What is the units digit of c/(-5) + 2*4092/40?
5
Suppose 3*z + 2*z + 5*w = -1620, 0 = 5*w - 15. Let r = z - -607. What is the hundreds digit of r?
2
Let i be (1 + -1)*21/(-84). Suppose 5*o - 991 - 6004 = i. What is the units digit of o?
9
Let a = -128 - -132. What is the units digit of (-1)/(a/(-444*6))?
6
Suppose 4*x + 364 = 5*w - 2755, -5*w = 4*x - 3151. Let c = -295 + w. What is the units digit of c?
2
Let x(u) = -3 - 2335*u**2 + u - 6*u + 2344*u**2. What is the tens digit of x(8)?
3
Suppose -266*n + 270218 = -228*n. What is the thousands digit of n?
7
What is the hundreds digit of -416862*(328/48 - 14/2)?
4
Let t be (3 + -5)/(45/24 - 2). Suppose -12*y + 16*y = t. Suppose y*c + 144 = 5*c. What is the tens digit of c?
4
Suppose -76*a + 1200 = -70*a. Let c = a + 349. What is the hundreds digit of c?
5
Let s be (-2)/9 - (-160)/72. Suppose -5*q + 3367 = 4*i, -2*i + 1673 = s*q - 3*q. What is the tens digit of i?
3
What is the hundreds digit of -14 + 10255/7 - 2*(-1)/2?
4
Suppose 82*p - 81*p = -5*l + 94468, -2*p - 56660 = -3*l. What is the ten thousands digit of l?
1
Suppose 594*o - 596*o + 4 = 0. Suppose 3*k = 3*i + 3006, 6*k - 4982 = k - o*i. What is the tens digit of k?
9
What is the tens digit of 366/(-244)*(-2)/3*2339?
3
Suppose 0 = 5*x - 2*j - 12, -15*x + 12*x + j = -8. Suppose 532 = x*f - 992. What is the hundreds digit of f?
3
Suppose 2*v - 15743 = -3*h, -38*v + 34*v + 31516 = -4*h. What is the thousands digit of v?
7
Let d(j) = 3*j**2 + 2*j - 1. Let t be d(-1). Let k be t*1*(4 - 7)/(-3). Suppose k = 3*q - 13*q + 1590. What is the tens digit of q?
5
Let z = 7378 + -1422. What is the thousands digit of z?
5
What is the tens digit of (-15 - 649/(-44))*-28540?
3
Let h be 68602*(-39)/(-104) + 3/(-4). Suppose -46*j + 25*j = -h. What is the thousands digit of j?
1
Let f be (19 + -4)/((-3)/6). Let o = f - -48. Let u(w) = -w**3 + 18*w**2 + w - 16. What is the units digit of u(o)?
2
Suppose 10 = 5*w - 10. Suppose 3*b - f - 135 = -w*f, 2*b - 2*f = 82. What is the tens digit of b?
4
Let o be 160/(-3)*(88/16 - 7). Let d = o - 77. Suppose 4*s - 609 = d*z, -3*s = -0*s + 3*z - 462. What is the units digit of s?
3
Let d = 1649 - -15700. What is the hundreds digit of d?
3
Suppose 17 + 43 = 4*a. What is the units digit of ((-520)/(-24) + a/3)*3?
0
Let l = 568 + -211. Suppose -4*y + l + 2267 = 0. What is the hundreds digit of y?
6
Let q(k) = -k**2 + 0*k**2 - 6*k**2 + 6*k**2 - 366. Let c be q(0). What is the units digit of (3 - 20/12)*c/(-4)?
2
What is the units digit of (8/14)/((-18)/(-189)) + 13996/2?
4
Suppose 7243*v + 21732 = 7255*v. What is the thousands digit of v?
1
Let d(r) = -r**3 + 19*r**2 + 24*r - 76. Let t be d(20). Suppose -3*h = -5*k + 2803 + 526, 2009 = 3*k + t*h. What is the units digit of k?
7
Suppose 6457 = 34*p - 1941. Suppose -255*c = -p*c - 232. What is the units digit of c?
9
Let u = 156 + -126. What is the units digit of (-4)/u*3*570*-1?
8
Let d(r) = 128*r + 3157. What is the units digit of d(0)?
7
Let j(i) = i**3 - 2*i**2 - 17. Let k be j(7). What is the hundreds digit of (-31)/(5 - k/45)?
4
What is the units digit of (-120)/(-12)*((-10)/(-100))/((-3)/(-46248))?
6
Suppose 60 = 5*d + 3*f, 21 - 81 = -5*d - 5*f. Suppose d*r = 6*r + 2190. Suppose 7*t - 489 - r = 0. What is the tens digit of t?
2
Suppose -4*y - 3*c + 4 = -8, -y = 5*c + 14. Suppose y*s + 827 = 4583. What is the units digit of s?
6
Suppose 0 = 11*v - 82581 + 4063. What is the units digit of v?
8
Suppose u + 2*z - 5534 = 0, 4*u = 26*z - 23*z + 22059. What is the units digit of u?
0
Let z = 26210 + -13788. What is the thousands digit of z?
2
Suppose -555*j = -g - 551*j + 8330, 5*g - 41635 = 5*j. What is the hundreds digit of g?
3
Suppose 3*p = 475 - 142. Let u = p + -77. Suppose -u*h = -40*h + 24. What is the units digit of h?
4
Let j be -4*(-2)/12 + 304/48. Let w(i) = 15*i**2 + 25*i. What is the tens digit of w(j)?
1
Let a = 96 - 208. Let f = a + 36. Let v = -44 - f. What is the units digit of v?
2
Let q be 4/(-60)*9 + 3/5. What is the units digit of (-24)/4 + 5 + q - -95?
4
Let n(g) = 81*g - 19. Let b(r) = -5*r - 97. Let d be b(-20). What is the units digit of n(d)?
4
Suppose 38*k + 3363 = 9937. Let v = k + 8. What is the tens digit of v?
8
Let j = -80 - -78. What is the units digit of ((4 - 265/j) + -1)*2?
1
Let m(a) = -7*a**2 - 38*a - 13. Let o be m(-13). Let q = o + 1346. What is the units digit of q?
4
What is the hundreds digit of (-1 - (951335/(-20))/1)/((-21)/(-28))?
4
Let l = 21502 - 13164. Suppose -l = -21*k + 3947. What is the units digit of k?
5
Suppose 2352*q - 2343*q - 91845 = 0. What is the units digit of q?
5
Let c be (6/2 + (-174)/24)*4. Let n = -64 - -97. Let w = c + n. What is the tens digit of w?
1
Let l be 0/(5 + (6 - 14)). Suppose l = -16*w + 2119 + 8953. What is the hundreds digit of w?
6
Let q = -50902 + 128159. What is the tens digit of q?
5
Let g(m) = 6194*m**2 + 20*m - 19. What is the units digit of g(1)?
5
Let n(t) = -t + 7. Let p be n(4). Suppose 6*j = p*j + 54. What is the tens digit of 9/j - 94/(-4)?
2
Suppose -3*u = i - 25390, -u + 3*i = -6527 - 1953. Suppose -45*h = -40*h - u. What is the tens digit of h?
9
Let q(f) = -90*f - 27. Let u be q(-2). Let l = 408 - u. What is the tens digit of l?
5
Suppose -v + 5056 = -4*f, 6*v - 3*f + 123 = 30543. What is the tens digit of v?
7
What is the thousands digit of (-48)/64 + (3 - 0) + (-47559)/(-4)?
1
Let c(m) = m**3 + 4*m**2 - 3*m + 2. Let f be c(0). Suppose 3*o - f = -11, o + 4923 = 3*s. What is the units digit of s?
0
Suppose -423*t - 1346016 = -455*t. What is the units digit of t?
3
Suppose 5*z + 81*g - 120561 = 83*g, 2*z - 48231 = 3*g. What is the thousands digit of z?
4
What is the thousands digit of (200/24 - 10)/5*-77799?
5
Let v be (-868)/42*(-3)/(-4)*-4. Let s = -29 + v. What is the units digit of s?
3
Suppose 140849 + 75894 - 5369 = 18*q. What is the ten thousands digit of q?
1
Suppose -7*w + 10*w - 17513 = -4*u, 29198 = 5*w - 3*u. What is the units digit of w?
9
Let f(m) = 447*m + 988. What is the hundreds digit of f(17)?
5
Let t(j) = 5*j**2 - 196*j + 60. What is the hundreds digit of t(-28)?
4
Let h be (-15)/((10/(-35))/2). Let p be (-66)/(-14) + 30/h. Suppose 0 = 10*j - p*j - 925. What is the tens digit of j?
8
Suppose 2*t - 2*a = 252, -89 = -t + 5*a + 25. Let r(f) = -f**3 + 13*f**2 - 3*f + 18. Let q be r(13). Let p = q + t. What is the hundreds digit of p?
1
Suppose -48*d = 249*d - 805562 - 3747151. What is the tens digit of d?
2
What is the tens digit of (5484/36)/(1/45) - -8?
6
Suppose -47*m + 170*m = 71*m + 2463968. What is the thousands digit of m?
7
Suppose 2*b + 2*y - 1623 - 2721 = 0, 0 = -2*b + 2*y + 4336. What is the thousands digit of b?
2
Suppose 4*k + 438075 + 477069 = 72*k. What is the hundreds digit of k?
4
Suppose 0 = -2*q + 1 + 5. Suppose 231 = 10*u - q*u. Suppose 24 = v - u. What is the tens digit of v?
5
Let l(r) be the first derivative of 41*r**2 + 20*r - 45. What is the hundreds digit of l(2)?
1
Let x(k) = -2*k**3 - 15*k**2 + 45*k + 102. What is the thousands digit of x(-25)?
0
Let p(u) = -199*u**3 + 15*u**2 + 84*u + 134. What is the hundreds digit of p(-5)?
9
Let g = 79 - 82. Let d be -3*(-2 - ((-32)/(-12) + g)). What is the tens digit of d/(-15)*3*-40?
4
Let w = -32 + 37. Suppose -w*v = -v - 1544. What is the units digit of v?
6
Let s be -305 + (-3)/(-3) + -3. Let h = s + 600. What is the units digit of h?
3
Suppose -3*s + 12969 = -22*f + 28*f, -4*s + 3*f = -17215. What is the thousands digit of s?
4
Let w(b) = 9*b**2 + 88*b + 552. Let j be w(-7). Let t(u) = 188*u**2. Let s be t(1). Let z = j - s. What is the tens digit of z?
8
Let k be (3 - 2 - 3780/8)*-2. Let w = k + -556. What is the tens digit of w?
8
Let i(g) = -551*g + 13. Let p(j) = -550*j + 15. Let w(l) = -6*i(l) + 5*p(l). What is the hundreds digit of 